5 = 0. Let g = w + 0. List the prime factors of g.
2
Suppose d + 470 = 5*y + 6*d, 0 = 4*y - 5*d - 403. List the prime factors of y.
97
Let z = 2 + -1. Suppose -z = -5*h + 64. What are the prime factors of h?
13
Let h be 27/(-18) + (-486)/(-4). Suppose -3*q + 3*w + 66 = 0, 0 = 2*q + 3*q + 5*w - h. List the prime factors of q.
23
Let l(j) = 8*j**2 + 2*j - 3. List the prime factors of l(2).
3, 11
Suppose -6*l = -l - 10. Suppose 4*y - 163 = d, 0 = 5*y - y + l*d - 154. What are the prime factors of y?
2, 5
List the prime factors of (-1096)/(-9) - -2 - (-6)/27.
2, 31
Suppose -2*c - 3*u = -4*c + 6, 4*c - 12 = 2*u. Suppose -42 = -3*t + c*q, -61 = -5*t - 3*q + 9. List the prime factors of t.
2, 7
Let j(h) = -13*h - 8. What are the prime factors of j(-6)?
2, 5, 7
Let o = -25 - -42. What are the prime factors of o?
17
Let y = 1 + 1. Suppose -15 = -y*w + 1. List the prime factors of w.
2
Let z = 640 + -349. What are the prime factors of z?
3, 97
Let i(n) = 3*n**3 + n**2 - 5*n + 6. List the prime factors of i(3).
3
Let c be (0 - 1/(-1)) + 1. List the prime factors of ((-86)/8)/(c/(-8)).
43
Let d be ((-6)/8)/(3/(-12)). Suppose -b = -1 - d. Suppose 3*s = -0*j + j + 31, 5*j = b*s - 56. What are the prime factors of s?
3
Suppose -2*k = -8 - 2. Suppose -2*d + 4*d = -10, 2*d = 5*i - 35. Suppose 5*y = -k*x + 45, 2*x + 12 = -i*y + 39. List the prime factors of x.
2, 3
Suppose 4*m + 9 = -5*s, m = -3*s + 1 - 12. Suppose 3*r + 47 = -m*w, 1 = -w + 2*r + 3. Let c = -3 - w. List the prime factors of c.
5
Let l be (-393)/21 + (-2)/7. Let n be -2 - (-2)/(4/58). Let z = l + n. What are the prime factors of z?
2
Let a be (-1)/5 + (-44)/(-20). What are the prime factors of (2 - 3)*a + 4?
2
Suppose -49 + 12 = -d. Suppose -5*t + d = -73. List the prime factors of t.
2, 11
Let x = 11 + -10. Let l = 2 + x. List the prime factors of l.
3
Let u(i) = i**2 - i + 1. Let t(o) = -2*o + 1 + 3*o**2 - 2*o**2 + 0*o**2. Let r(z) = -5*t(z) + 6*u(z). What are the prime factors of r(-5)?
2, 3
Suppose -4*a + 31 = 3*w, 0 = -3*a - 0*w + 2*w + 19. What are the prime factors of a?
7
Let x(f) = f**3 + 5*f**2 - 6*f - 2. Let j be x(-5). Suppose -p - 1 = -j. List the prime factors of p.
3
Let y(f) be the third derivative of -f**4/12 + f**3 + 5*f**2. What are the prime factors of y(-5)?
2
Suppose r + 5*b + 31 = 2*r, 3*b = 5*r - 111. What are the prime factors of r?
3, 7
Suppose 0 = -2*c - 5*c + 651. What are the prime factors of c?
3, 31
Let f(c) = c**3 - 2*c**2 - 2*c. Let h(a) = a**2 - 6*a + 3. Let u be h(6). Let o be f(u). List the prime factors of o/((-1)/(-3 + 0)).
3
Let y(i) = i**3 - 7*i**2 - 4. Let t be y(7). Let k be -30*((-8)/5)/t. Let n = k - -17. List the prime factors of n.
5
Let w be (-10)/(-6) - (-3)/9. Suppose -4*x + 14 = -f, 3*f - 4 = 5*f - w*x. What are the prime factors of 9/(f/(8/3))?
2, 3
Suppose -2*l - 3*f - 1 = 0, 0 = 6*l - 2*l + 4*f - 4. Suppose 5*h - 46 - 109 = 0. Suppose h - 95 = -l*a. List the prime factors of a.
2
Let k(h) = h**2 - 12. What are the prime factors of k(-5)?
13
Let y(r) = r**3 - r**2 + r + 53. What are the prime factors of y(0)?
53
Suppose 37 = -2*v - 5*g + 210, 317 = 3*v - 4*g. List the prime factors of v.
3, 11
Let w(u) be the second derivative of 2*u**3/3 - 3*u**2 + 4*u. What are the prime factors of w(9)?
2, 3, 5
Let u(a) = 2*a**2 - 12*a + 39. What are the prime factors of u(12)?
3, 61
Let i(s) = -4*s**2 + 19*s - 9. Let b(m) = 2*m**2 - 4*m + m**2 - 2*m**2 - m + 2. Let h(p) = -9*b(p) - 2*i(p). What are the prime factors of h(5)?
2, 5
Let l = -3 - -4. Let i = l - -3. Suppose i*p - p = 33. What are the prime factors of p?
11
Let t be 1/(-3) + 26/6. Suppose 3*s + 9 = -t*d + d, -3*s + d = 17. Let v(o) = -o**2 - 6*o + 4. List the prime factors of v(s).
3
Suppose 0 = -w - 5*r + 3*r - 4, -1 = 4*w + 3*r. List the prime factors of w.
2
What are the prime factors of 172 + (-3 - -1) + -2?
2, 3, 7
Let w(a) = a**3 - 6*a**2 + 4*a + 7. Let d(s) = s + 4. Let n be d(-9). Let l = n - -10. List the prime factors of w(l).
2
Suppose -4 = -j - 3. Let f = j - -13. List the prime factors of f.
2, 7
Suppose -2*s = 3*w + 2*s + 21, 5*s = -5*w - 35. Suppose -2*b - 43 = -5*x + 2*x, 0 = 2*b + 3*x + 37. Let n = w - b. List the prime factors of n.
13
Let x = 11 - 7. Let f = -30 - -73. Suppose 2*z = -3*p + 31, x*p - 2*z - f = -5*z. What are the prime factors of p?
7
Let w(v) = -14*v**2 + v + 2. Let l be w(-2). Let k = l + 83. Let h = 45 - k. What are the prime factors of h?
2, 3
Let l(j) = 4*j**3 - j**3 - j + 0*j**3. Let n be l(1). Suppose 6 = -n*o + 3*i, 9*i = 4*o + 4*i + 8. List the prime factors of o.
3
List the prime factors of ((-40)/28)/5 - 898/(-7).
2
Suppose 26*j - 4*u + 1144 = 30*j, 563 = 2*j - u. What are the prime factors of j?
283
Suppose 4*d - 4*h = 1004, 5*h = 4*d - 197 - 803. Let u be d/10 + 2/4. Suppose -u = -5*v - 3*w, v = -0*v + 2*w. List the prime factors of v.
2
Suppose 2*z - w - 4*w = 3, -15 = 2*z + w. List the prime factors of (-81)/(-6)*(-4)/z.
3
Suppose 0 = -3*m - 5*w + 376, -2*w = -4*m - 5*w + 516. List the prime factors of m.
2, 3, 11
What are the prime factors of (-16)/(-10)*(-135)/(-6) + -2?
2, 17
What are the prime factors of 0 + (-152 + 4)/(-2)?
2, 37
Suppose -4*f + 911 = -a, 4*f + 3*a - 53 - 862 = 0. What are the prime factors of f?
2, 3, 19
Let o be -1 + 2 + 0/3. Suppose 8*f + 17 = 4*w + 3*f, w + 4*f = -o. Suppose 2*d - 5 = 3*c - 26, -2*c + 1 = w*d. List the prime factors of c.
5
Let h = 2 - 2. Suppose 4*z = -h*z + 28. List the prime factors of z.
7
Let r(y) = -y**3 + 3*y**2 + 3*y - 3. Let j be r(4). Let p = 12 + j. List the prime factors of (12/p)/((-1)/(-5)).
2, 3
Suppose -1 - 7 = v + 5*z, -4*v + 2*z + 12 = 0. Let m(d) = -4 + v*d - 2 + 0 - 5. What are the prime factors of m(8)?
5
List the prime factors of (2/2)/(4/468).
3, 13
Let g be (-21)/2*(-4)/6. Let n = g + -4. List the prime factors of (0 + n/(-4))*-4.
3
Let g(a) be the first derivative of a**2/2 - 4*a - 8. What are the prime factors of g(7)?
3
Suppose 2 = -j + s, -4*j - 8 = -5*s + 4. Suppose -j*g + 51 = 5*f, -3*g + 3*f + 129 = -0*f. What are the prime factors of g?
2, 19
Let z(s) = s**3 - 4*s**2 - 4*s + 1. Let n be (-2)/(-4) - (-36)/8. What are the prime factors of z(n)?
2, 3
Suppose 7 + 5 = 3*c. Suppose -3 = -c*o + 3*o. Suppose -1 - o = -2*k. What are the prime factors of k?
2
Suppose 5*s - 3*j - 42 = 0, 3*s + 0*j = 3*j + 24. Suppose -3*g + 6*g = -s. Let v = g + 8. What are the prime factors of v?
5
Let p = 3 - 0. Suppose p*i = -0*y - 2*y + 22, -3*i + 18 = 3*y. List the prime factors of i.
2, 5
What are the prime factors of ((-98)/(-4))/((-1)/(-2))?
7
Suppose -8*o + 3*o = -5*a - 135, 3*a + 59 = 2*o. List the prime factors of o.
2, 11
Suppose -4*v - 2*g = -50, -3*v + 4*g - 2*g + 34 = 0. Let j = v - 6. List the prime factors of j.
2, 3
Let t be (-258)/9 + 2/3. Let w be 1/2 + t/8. Let s = 13 + w. What are the prime factors of s?
2, 5
Let i = 19 + -9. Let y = -14 + i. What are the prime factors of -6*6/y - -2?
11
Suppose -2*g = -3*g + 39. List the prime factors of g.
3, 13
Let l be 0/(-3) + (-20)/(-5). List the prime factors of l/(-5)*60/(-24).
2
Let f be (-1 - 2)/(-1) + -2. Let m = f + 3. Suppose z - 28 = -m*h, h - 16 = -2*z + 4*z. List the prime factors of h.
2
Let o be 6*(0 - (-4)/6). Suppose -4*w = 4*x - o, -2*x - 3*w = -7*w - 26. List the prime factors of x.
5
Let a = 39 + -21. Suppose -3*l + 51 = a. What are the prime factors of l?
11
Let l(u) = 3*u**3 + 2*u**2 - 1. Let d = -2 - -3. Let w be l(d). Suppose -w*i + 21 = 2*h + h, -2*h + 31 = -3*i. What are the prime factors of h?
11
Let q(b) = -b**2 + 9*b - 10. Let j be q(7). Suppose 2*s = -0*s + j*y + 28, 5*s - y - 88 = 0. List the prime factors of s.
2, 3
Let q be (12/15)/(2/10). Suppose 5*s - 44 - 1 = 0. Suppose -4*i = -s*i - q*o + 18, 0 = -5*i + 4*o + 2. List the prime factors of i.
2
Let j = -141 + 299. List the prime factors of j.
2, 79
Suppose -16*x - 351 = -29*x. List the prime factors of x.
3
Let r(m) = -2*m + 3. Let n be r(0). Let y = 25 + n. What are the prime factors of y?
2, 7
Let h(k) = 17*k**2 + 5*k - 12. What are the prime factors of h(3)?
2, 3, 13
Suppose 2*a + 2*a = -2*n - 4, -32 = -5*n + 4*a. Suppose -4*b - 2*h = -62, -n*b + 27 = 3*h - 34. List the prime factors of b.
2
Suppose 0 = n + c - 30, n - 66 = -3*c - 26. Let t = -12 + n. 